{"id":863,"date":"2015-03-17T17:03:02","date_gmt":"2015-03-17T17:03:02","guid":{"rendered":"https:\/\/quirera.com\/pmcb\/?page_id=863"},"modified":"2015-06-17T14:43:14","modified_gmt":"2015-06-17T14:43:14","slug":"errata","status":"publish","type":"page","link":"https:\/\/quirera.com\/pmcb\/errata\/","title":{"rendered":"Errata"},"content":{"rendered":"<div id=\"pl-863\"  class=\"panel-layout\" ><div id=\"pg-863-0\"  class=\"panel-grid panel-no-style\" ><div id=\"pgc-863-0-0\"  class=\"panel-grid-cell\" ><div id=\"panel-863-0-0-0\" class=\"so-panel widget widget_black-studio-tinymce widget_black_studio_tinymce panel-first-child panel-last-child\" data-index=\"0\" ><h3 class=\"widget-title\">Errata<\/h3><div class=\"textwidget\"><p style=\"text-align: center;\"><div class=\"kad-spacer clearfix\" style=\"height:10px\"><\/div>\n<p>INSCRI\u00c7\u00d5ES DO PMCB PRORROGADAS AT\u00c9 31 DE JULHO<\/p>\n<p>Devido a greve na Universidade Federal da Bahia que, atrav\u00e9s da nossa parceria com a Escola de M\u00fasica, nos empresta o endere\u00e7o de envio dos materiais necess\u00e1rios para inscri\u00e7\u00e3o, a comiss\u00e3o organizadora do PMCB opta por prorrogar o prazo de inscri\u00e7\u00e3o do I Pr\u00eamio de M\u00fasica Contempor\u00e2nea da Bahia at\u00e9 31 de julho de 2015.<\/p>\n<p>\u00a0<\/p>\n<p>As demais condi\u00e7\u00f5es de inscri\u00e7\u00e3o presentes no regulamento do concurso permanecem mantidas.<\/p>\n<p>\u00a0<\/p>\n<p>\u00a0<\/p>\n<p>Atenciosamente,<br \/>Comiss\u00e3o Organizadora<\/p>\n<div class=\"kad-spacer clearfix\" style=\"height:10px\"><\/div>\n<\/div><\/div><\/div><\/div><div id=\"pg-863-1\"  class=\"panel-grid panel-has-style\"  style=\"margin-bottom: 0px;margin-left: 0px;margin-right: 0px;\" ><div class=\"wide-parallax siteorigin-panels-stretch kt-panel-row-full-stretch panel-row-style panel-row-style-for-863-1\" style=\"background-image: url(https:\/\/quirera.com\/pmcb\/wp-content\/uploads\/2015\/03\/rodape_inscricao.jpg);background-size: cover;visibility: hidden;padding-top: 45px; padding-bottom: 45px; \" data-stretch-type=\"full-stretched\" ><div id=\"pgc-863-1-0\"  class=\"panel-grid-cell\" >\n\n          <div id=\"panel-863-1-0-0\" class=\"so-panel widget widget_pinnacle_calltoaction_widget pinnacle_calltoaction_widget panel-first-child panel-last-child\" data-index=\"1\" ><h2 style=\"color:#ffffff;   text-align:center;\">Baixe o Regulamento Completo.<\/h2><div style=\"text-align:center\"><a href=\"https:\/\/quirera.com\/pmcb\/wp-content\/uploads\/2015\/03\/Regulamento_IPMCB1.pdf\" id=\"kadbtn33\" target=\"_blank\" class=\"kad-btn btn-shortcode kad-btn-primary lg-kad-btn headerfont\" style=\"background-color:; border: 0 solid; border-color:#000; color:#ffffff\">Download <\/a><style type=\"text\/css\" media=\"screen\">#kadbtn33:hover {} <\/style><\/div><\/div>\n    <\/div><\/div><\/div><\/div>","protected":false},"excerpt":{"rendered":"<p>INSCRI\u00c7\u00d5ES DO PMCB PRORROGADAS AT\u00c9 31 DE JULHODevido a greve na Universidade Federal da Bahia que, atrav\u00e9s da nossa parceria &hellip; <a href=\"https:\/\/quirera.com\/pmcb\/errata\/\">Continue lendo<\/a><\/p>\n","protected":false},"author":1,"featured_media":0,"parent":0,"menu_order":0,"comment_status":"open","ping_status":"open","template":"","meta":[],"_links":{"self":[{"href":"https:\/\/quirera.com\/pmcb\/wp-json\/wp\/v2\/pages\/863"}],"collection":[{"href":"https:\/\/quirera.com\/pmcb\/wp-json\/wp\/v2\/pages"}],"about":[{"href":"https:\/\/quirera.com\/pmcb\/wp-json\/wp\/v2\/types\/page"}],"author":[{"embeddable":true,"href":"https:\/\/quirera.com\/pmcb\/wp-json\/wp\/v2\/users\/1"}],"replies":[{"embeddable":true,"href":"https:\/\/quirera.com\/pmcb\/wp-json\/wp\/v2\/comments?post=863"}],"version-history":[{"count":29,"href":"https:\/\/quirera.com\/pmcb\/wp-json\/wp\/v2\/pages\/863\/revisions"}],"predecessor-version":[{"id":1363,"href":"https:\/\/quirera.com\/pmcb\/wp-json\/wp\/v2\/pages\/863\/revisions\/1363"}],"wp:attachment":[{"href":"https:\/\/quirera.com\/pmcb\/wp-json\/wp\/v2\/media?parent=863"}],"curies":[{"name":"wp","href":"https:\/\/api.w.org\/{rel}","templated":true}]}}

<div id="pl-863"  class="panel-layout" ><div id="pg-863-0"  class="panel-grid panel-no-style" ><div id="pgc-863-0-0"  class="panel-grid-cell" ><div id="panel-863-0-0-0" class="so-panel widget widget_black-studio-tinymce widget_black_studio_tinymce panel-first-child panel-last-child" data-index="0" ><h3 class="widget-title">Errata</h3><div class="textwidget"><p style="text-align: center;"><div class="kad-spacer clearfix" style="height:10px"></div>
<p>INSCRIÇÕES DO PMCB PRORROGADAS ATÉ 31 DE JULHO</p>
<p>Devido a greve na Universidade Federal da Bahia que, através da nossa parceria com a Escola de Música, nos empresta o endereço de envio dos materiais necessários para inscrição, a comissão organizadora do PMCB opta por prorrogar o prazo de inscrição do I Prêmio de Música Contemporânea da Bahia até 31 de julho de 2015.</p>
<p> </p>
<p>As demais condições de inscrição presentes no regulamento do concurso permanecem mantidas.</p>
<p> </p>
<p> </p>
<p>Atenciosamente,<br />Comissão Organizadora</p>
<div class="kad-spacer clearfix" style="height:10px"></div>
</div></div></div></div><div id="pg-863-1"  class="panel-grid panel-has-style"  style="margin-bottom: 0px;margin-left: 0px;margin-right: 0px;" ><div class="wide-parallax siteorigin-panels-stretch kt-panel-row-full-stretch panel-row-style panel-row-style-for-863-1" style="background-image: url(https://quirera.com/pmcb/wp-content/uploads/2015/03/rodape_inscricao.jpg);background-size: cover;visibility: hidden;padding-top: 45px; padding-bottom: 45px; " data-stretch-type="full-stretched" ><div id="pgc-863-1-0"  class="panel-grid-cell" >

          <div id="panel-863-1-0-0" class="so-panel widget widget_pinnacle_calltoaction_widget pinnacle_calltoaction_widget panel-first-child panel-last-child" data-index="1" ><h2 style="color:#ffffff;   text-align:center;">Baixe o Regulamento Completo.</h2><div style="text-align:center"><a href="https://quirera.com/pmcb/wp-content/uploads/2015/03/Regulamento_IPMCB1.pdf" id="kadbtn33" target="_blank" class="kad-btn btn-shortcode kad-btn-primary lg-kad-btn headerfont" style="background-color:; border: 0 solid; border-color:#000; color:#ffffff">Download </a><style type="text/css" media="screen">#kadbtn33:hover {} </style></div></div>
    </div></div></div></div>

<p>INSCRIÇÕES DO PMCB PRORROGADAS ATÉ 31 DE JULHODevido a greve na Universidade Federal da Bahia que, através da nossa parceria &hellip; <a href="https://quirera.com/pmcb/errata/">Continue lendo</a></p>
