{"id":778,"date":"2015-03-16T22:59:12","date_gmt":"2015-03-16T22:59:12","guid":{"rendered":"https:\/\/quirera.com\/pmcb\/?page_id=778"},"modified":"2015-03-31T22:23:22","modified_gmt":"2015-03-31T22:23:22","slug":"sobre","status":"publish","type":"page","link":"https:\/\/quirera.com\/pmcb\/sobre\/","title":{"rendered":"Sobre"},"content":{"rendered":"<div id=\"pl-778\"  class=\"panel-layout\" ><div id=\"pg-778-0\"  class=\"panel-grid panel-has-style\" ><div style=\"padding-top: 40px; \" class=\"panel-row-style panel-row-style-for-778-0\" ><div id=\"pgc-778-0-0\"  class=\"panel-grid-cell\" ><div id=\"panel-778-0-0-0\" class=\"so-panel widget widget_black-studio-tinymce widget_black_studio_tinymce panel-first-child panel-last-child\" data-index=\"0\" ><h3 class=\"widget-title\">I Pr\u00eamio de M\u00fasica Contempor\u00e2nea da Bahia<\/h3><div class=\"textwidget\"><h5 class=\"gmail_default\"><div class=\"kad-spacer clearfix\" style=\"height:10px\"><\/div><\/h5>\n<h5 class=\"gmail_default\">A m\u00fasica de concerto baiana ganha, em 2015, uma premia\u00e7\u00e3o. Com o objetivo de estimular a produ\u00e7\u00e3o de compositores baianos ou daqueles radicados no estado, surge o I Pr\u00eamio de M\u00fasica Contempor\u00e2nea da Bahia. Financiado pela Secretaria de Cultura do Estado da Bahia, atrav\u00e9s da Funda\u00e7\u00e3o de Cultura, o pr\u00eamio busca fomentar o cen\u00e1rio da m\u00fasica erudita no estado, al\u00e9m de divulgar as obras produzidas e formar p\u00fablico para concertos.<\/h5>\n<h5 class=\"gmail_default\">\u00a0<\/h5>\n<h5 class=\"gmail_default\">Atrav\u00e9s da sele\u00e7\u00e3o de obras in\u00e9ditas para o Camar\u00e1, Conjunto de C\u00e2mara da UFBA, o pr\u00eamio visa contemplar um total de 9\u00a0compositores. Ser\u00e3o oferecidos a leitura de 5 obras, 3 pr\u00eamios em dinheiro nos valores de R$ 5.000,00, R$ 3.000,00 e R$ 1.500,00, bem como estreia, grava\u00e7\u00e3o e distribui\u00e7\u00e3o digital gratuita via internet das 4 obras finalistas do concurso. H\u00e1 ainda outra categoria, o voto popular, com premia\u00e7\u00e3o a ser dada pelo compositor escolhido pelo p\u00fablico: uma encomenda de uma obra a ser estreada pela Orquestra Sinf\u00f4nica da Bahia. \u00a0\u00a0<\/h5>\n<h5 class=\"gmail_default\">\u00a0<\/h5>\n<h5 class=\"gmail_default\">Com a tem\u00e1tica Erudito com Ax\u00e9, nesta primeira edi\u00e7\u00e3o do PMCB prestamos uma justa homenagem ao Ax\u00e9 Music, que comemora seus 30 anos em 2015. A proposta \u00e9 construir di\u00e1logos entre estes dois universos: o Ax\u00e9, g\u00eanero musical popular originalmente baiano, e a m\u00fasica contempor\u00e2nea de concerto.<\/h5>\n<h5 class=\"gmail_default\">\u00a0<\/h5>\n<h5 class=\"gmail_default\">A fase final da sele\u00e7\u00e3o contempla o Concerto Final de Premia\u00e7\u00e3o, ocasi\u00e3o na qual as quatro obras finalistas ser\u00e3o executadas pelo Camar\u00e1. A noite contar\u00e1 com a participa\u00e7\u00e3o de Alfredo Moura, um dos criadores do ax\u00e9, que ter\u00e1 a estreia de uma obra composta especialmente para ocasi\u00e3o.<\/h5>\n<h5 class=\"gmail_default\">\u00a0<\/h5>\n<h5 class=\"gmail_default\">O projeto \u00e9 financiado pela Secretaria de Cultura do Estado da Bahia, atrav\u00e9s da Funda\u00e7\u00e3o Cultural do Estado da Bahia (FUNCEB), com recursos do Fundo de Cultura da Bahia (FCBA), pelo Edital Setorial de M\u00fasica 2014.<\/h5>\n<h5 class=\"gmail_default\">\u00a0<\/h5>\n<p class=\"gmail_default\"><div class=\"hrule clearfix\" style=\" height:1px\"><\/div>\n<\/div><\/div><\/div><\/div><\/div><div id=\"pg-778-1\"  class=\"panel-grid panel-has-style\"  style=\"margin-bottom: 0px;margin-left: 0px;margin-right: 0px;\" ><div class=\"wide-parallax siteorigin-panels-stretch kt-panel-row-full-stretch panel-row-style panel-row-style-for-778-1\" style=\"background-image: url(https:\/\/quirera.com\/pmcb\/wp-content\/uploads\/2015\/03\/rodape_inscricao.jpg);background-size: cover;visibility: hidden;padding-top: 45px; padding-bottom: 45px; \" data-stretch-type=\"full-stretched\" ><div id=\"pgc-778-1-0\"  class=\"panel-grid-cell\" >\n\n          <div id=\"panel-778-1-0-0\" class=\"so-panel widget widget_pinnacle_calltoaction_widget pinnacle_calltoaction_widget panel-first-child panel-last-child\" data-index=\"1\" ><h2 style=\"color:#ffffff;   text-align:center;\">Baixe o Regulamento Completo.<\/h2><div style=\"text-align:center\"><a href=\"https:\/\/quirera.com\/pmcb\/wp-content\/uploads\/2015\/03\/Regulamento_IPMCB.pdf\" id=\"kadbtn18\" target=\"_blank\" class=\"kad-btn btn-shortcode kad-btn-primary lg-kad-btn headerfont\" style=\"background-color:; border: 0 solid; border-color:#000; color:#ffffff\">Download <\/a><style type=\"text\/css\" media=\"screen\">#kadbtn18:hover {} <\/style><\/div><\/div>\n    <\/div><\/div><\/div><\/div>","protected":false},"excerpt":{"rendered":"<p>A m\u00fasica de concerto baiana ganha, em 2015, uma premia\u00e7\u00e3o. Com o objetivo de estimular a produ\u00e7\u00e3o de compositores baianos &hellip; <a href=\"https:\/\/quirera.com\/pmcb\/sobre\/\">Continue lendo<\/a><\/p>\n","protected":false},"author":1,"featured_media":0,"parent":0,"menu_order":0,"comment_status":"open","ping_status":"open","template":"","meta":[],"_links":{"self":[{"href":"https:\/\/quirera.com\/pmcb\/wp-json\/wp\/v2\/pages\/778"}],"collection":[{"href":"https:\/\/quirera.com\/pmcb\/wp-json\/wp\/v2\/pages"}],"about":[{"href":"https:\/\/quirera.com\/pmcb\/wp-json\/wp\/v2\/types\/page"}],"author":[{"embeddable":true,"href":"https:\/\/quirera.com\/pmcb\/wp-json\/wp\/v2\/users\/1"}],"replies":[{"embeddable":true,"href":"https:\/\/quirera.com\/pmcb\/wp-json\/wp\/v2\/comments?post=778"}],"version-history":[{"count":36,"href":"https:\/\/quirera.com\/pmcb\/wp-json\/wp\/v2\/pages\/778\/revisions"}],"predecessor-version":[{"id":1286,"href":"https:\/\/quirera.com\/pmcb\/wp-json\/wp\/v2\/pages\/778\/revisions\/1286"}],"wp:attachment":[{"href":"https:\/\/quirera.com\/pmcb\/wp-json\/wp\/v2\/media?parent=778"}],"curies":[{"name":"wp","href":"https:\/\/api.w.org\/{rel}","templated":true}]}}