{"id":1285,"date":"2015-03-31T22:55:33","date_gmt":"2015-03-31T22:55:33","guid":{"rendered":"https:\/\/quirera.com\/pmcb\/?page_id=1285"},"modified":"2015-04-01T22:36:06","modified_gmt":"2015-04-01T22:36:06","slug":"press-kit","status":"publish","type":"page","link":"https:\/\/quirera.com\/pmcb\/press-kit\/","title":{"rendered":"Press Kit"},"content":{"rendered":"<div id=\"pl-1285\"  class=\"panel-layout\" ><div id=\"pg-1285-0\"  class=\"panel-grid panel-no-style\" ><div id=\"pgc-1285-0-0\"  class=\"panel-grid-cell\" ><div id=\"panel-1285-0-0-0\" class=\"so-panel widget widget_black-studio-tinymce widget_black_studio_tinymce panel-first-child panel-last-child\" data-index=\"0\" ><div class=\"textwidget\"><h4 style=\"text-align: center;\">PRESS KIT<\/h4>\n<div class=\"hrule clearfix\" style=\" height:1px\"><\/div>\n<h5 style=\"text-align: center;\">\u00a01 Foto em Alta Resolu\u00e7\u00e3o<\/h5>\n<h5 style=\"text-align: center;\">1 Flyer em Alta Resolu\u00e7\u00e3o<\/h5>\n<h5 style=\"text-align: center;\">Release do I PMCB e da Comiss\u00e3o Organizadora<\/h5>\n<p style=\"text-align: center;\"><div class=\"hrule clearfix\" style=\" height:1px\"><\/div>\n<p style=\"text-align: center;\">\u00a0<\/p>\n<\/div><\/div><\/div><\/div><div id=\"pg-1285-1\"  class=\"panel-grid panel-has-style\"  style=\"margin-bottom: 0px;margin-left: 0px;margin-right: 0px;\" ><div class=\"wide-parallax siteorigin-panels-stretch kt-panel-row-full-stretch panel-row-style panel-row-style-for-1285-1\" style=\"background-image: url(https:\/\/quirera.com\/pmcb\/wp-content\/uploads\/2014\/08\/imagem_bottom.jpg);background-size: cover;visibility: hidden;padding-top: 45px; padding-bottom: 45px; \" data-stretch-type=\"full-stretched\" ><div id=\"pgc-1285-1-0\"  class=\"panel-grid-cell\" >\n\n          <div id=\"panel-1285-1-0-0\" class=\"so-panel widget widget_pinnacle_calltoaction_widget pinnacle_calltoaction_widget panel-first-child panel-last-child\" data-index=\"1\" ><h2 style=\"color:#ffffff;   text-align:center;\">Baixe aqui o Press Kit<\/h2><div style=\"text-align:center\"><a href=\"https:\/\/quirera.com\/pmcb\/wp-content\/uploads\/2015\/04\/Press-Kit_PMCB.rar\" id=\"kadbtn6\" target=\"_self\" class=\"kad-btn btn-shortcode kad-btn-primary lg-kad-btn headerfont\" style=\"background-color:; border: 0 solid; border-color:#000; color:#ffffff\">DOWNLOAD <\/a><style type=\"text\/css\" media=\"screen\">#kadbtn6:hover {} <\/style><\/div><\/div>\n    <\/div><\/div><\/div><\/div>","protected":false},"excerpt":{"rendered":"<p>PRESS KIT\u00a01 Foto em Alta Resolu\u00e7\u00e3o1 Flyer em Alta Resolu\u00e7\u00e3oRelease do I PMCB e da Comiss\u00e3o Organizadora\u00a0<\/p>\n","protected":false},"author":1,"featured_media":0,"parent":0,"menu_order":0,"comment_status":"open","ping_status":"open","template":"","meta":[],"_links":{"self":[{"href":"https:\/\/quirera.com\/pmcb\/wp-json\/wp\/v2\/pages\/1285"}],"collection":[{"href":"https:\/\/quirera.com\/pmcb\/wp-json\/wp\/v2\/pages"}],"about":[{"href":"https:\/\/quirera.com\/pmcb\/wp-json\/wp\/v2\/types\/page"}],"author":[{"embeddable":true,"href":"https:\/\/quirera.com\/pmcb\/wp-json\/wp\/v2\/users\/1"}],"replies":[{"embeddable":true,"href":"https:\/\/quirera.com\/pmcb\/wp-json\/wp\/v2\/comments?post=1285"}],"version-history":[{"count":19,"href":"https:\/\/quirera.com\/pmcb\/wp-json\/wp\/v2\/pages\/1285\/revisions"}],"predecessor-version":[{"id":1327,"href":"https:\/\/quirera.com\/pmcb\/wp-json\/wp\/v2\/pages\/1285\/revisions\/1327"}],"wp:attachment":[{"href":"https:\/\/quirera.com\/pmcb\/wp-json\/wp\/v2\/media?parent=1285"}],"curies":[{"name":"wp","href":"https:\/\/api.w.org\/{rel}","templated":true}]}}